the hundreds digit of t?
8
Suppose -19 = -4*v - 3. Suppose 0 = 3*t + 3*d - 18, 7*t + v = 3*t + 3*d. Suppose 2*y = t*s - 60, 0*s + 3*s = -2*y + 105. What is the units digit of s?
3
Suppose -10*n + 11*n - 4 = 0. Let x(v) = -v**3 + 3*v**2 + 5*v - 4. Let u be x(n). Suppose u = -3*z + 6*z - 9. What is the units digit of z?
3
Suppose -4 = -4*s - 8. Let d be (0/3 + s)*-10. Let b = 30 - d. What is the tens digit of b?
2
Let s = 19 - 19. What is the tens digit of 57 + -2 - (4 - s)?
5
Let q(b) be the first derivative of b**6/360 - 7*b**5/120 + b**4/6 - 2*b**3 + 9. Let j(x) be the third derivative of q(x). What is the units digit of j(7)?
4
Let a = 41 - 92. Let n = -43 - a. What is the units digit of n?
8
Let c be (-2)/(-2)*(10 - 7). Let k be (-2 + c)/((-4)/8). What is the tens digit of (20*9/(-6))/k?
1
Let u = 1835 - 941. What is the units digit of u?
4
Let j = -10 + 14. Suppose -112 = -3*k - 2*d, 0 = d + j*d - 10. Suppose -54 - k = -3*z. What is the units digit of z?
0
Suppose 12*i - 11325 = -3*i. What is the tens digit of i?
5
Let h = -1591 + 3857. What is the units digit of h?
6
Suppose -6*j + j = -5*i + 12555, -i - 3*j = -2491. What is the tens digit of i?
0
Let g(s) = -7*s + 11. Let u(t) = -2*t + 14. Let b be u(10). What is the units digit of g(b)?
3
Let d(c) = -2*c**2 + 9*c - 9. Let u be d(5). Let p(a) = a**3 + 15*a**2 + 2*a + 20. What is the hundreds digit of p(u)?
1
Let g = -208 - -368. Suppose 3*m - 2*p = 120, -4*m + 0*p = -p - g. What is the units digit of m?
0
Let h(x) = -x**3 - 9*x**2 - 8*x + 4. Let v be h(-8). Let u = 0 + v. What is the units digit of (5 + u)*6/9?
6
What is the units digit of (2980 + 1)*(52 - 51)?
1
Suppose -4*c + 4*n + 1296 = 0, 10*c + 4*n + 646 = 12*c. What is the units digit of c?
5
Suppose -1551 - 420 = -27*p. What is the units digit of p?
3
Let z(t) = -204*t + 3. What is the tens digit of z(-2)?
1
Suppose 0 = -l + 5*p + 48, 2*l - p - 117 = 2*p. Let h = l + 47. What is the units digit of h?
0
Let s = 1875 + -898. What is the hundreds digit of s?
9
Suppose 5*u + 550 = -0*u - 2*s, -4*u - 3*s - 433 = 0. Let m = -51 - u. What is the units digit of m?
1
Suppose 2*g - 4*z - z = 252, 2*z + 264 = 2*g. What is the units digit of g?
6
Let n = 1148 - 649. What is the tens digit of n?
9
Suppose -4*f - 7 = 13, v - 423 = 3*f. What is the units digit of v?
8
Let p(c) = -479*c + 478*c - 4 + 3 + 2*c**2 + 5. Suppose -15 = -2*t - 3*t. What is the tens digit of p(t)?
1
Let u = 71 - 69. Suppose -49 = -u*g + 15. What is the tens digit of g?
3
Let k be (1/(-1))/(1/(-74)). Suppose -2*z + 280 = -k. What is the tens digit of z?
7
Suppose 100*l = 96*l + 6768. What is the units digit of l?
2
Suppose -3*n - 2*z + 0*z + 722 = 0, 2*z = -n + 242. Suppose n = 5*q + 3*s, q + 2*q - 173 = 4*s. What is the tens digit of q?
5
Let q = 11 - 24. What is the units digit of -3 - q/((-26)/(-12))?
3
Let h = -107 + 109. Suppose 2*y + 3*y = 3*k + 1290, 0 = h*k. What is the units digit of y?
8
Let f(a) = 24*a - 146. What is the units digit of f(21)?
8
Let k(f) = -f**3 + 8*f**2 + 2*f + 4. Let o be k(8). Let l = 19 - o. Let b(v) = -7*v**3 + v**2 + v + 1. What is the units digit of b(l)?
8
Let k(n) = -3*n**3 - 209*n**2 + 41*n - 94. What is the thousands digit of k(-70)?
1
Let c be (-2 - (-5)/10)/((-1)/4). What is the tens digit of c/4*(66 + 0 + -4)?
9
Let x be (-18)/15*(-160)/6. Suppose 3*m - 2*z - 56 = 0, -3*m = -2*m - 4*z - x. What is the tens digit of m?
1
Suppose -83*l = -101*l + 49860. What is the tens digit of l?
7
Let u = -37 + 42. Suppose 5*i = -3*r + 1 + 495, -3*i = -u*r - 318. What is the hundreds digit of i?
1
Let n(y) = 14*y + 6. Let j be n(3). Suppose f - j = -8. Suppose 5*r - f = 130. What is the units digit of r?
4
Suppose 0 = -4*n - 16, 5*n - 72 + 303 = i. What is the hundreds digit of i?
2
Suppose -2*v + 5*p - 65 = v, -3*v - 3*p - 33 = 0. Let y = v + 19. Suppose 4*b = -h + 119, 0 = b - y*h - 6 - 11. What is the units digit of b?
9
Let u(i) = i**3 - 13*i**2 + 16*i - 14. Let o(q) = -q**3 + q**2. Suppose -2*j - 6 = -2. Let f be o(j). What is the units digit of u(f)?
4
Suppose -3*f + 842 = -g, 4*g - 8*g = -3*f + 830. What is the tens digit of f?
8
Let w be (-91)/((-10)/(-10) + 1*-2). Let n = -40 + w. What is the units digit of n?
1
Let w(p) = 23*p**2 - 3*p - 6. Let n be w(4). Suppose -y + n = 4*y. What is the tens digit of y?
7
Let a(u) be the second derivative of -u**3/3 + u**2 - 5*u. Let q be a(-1). Let l(r) = -r + 7. What is the units digit of l(q)?
3
Let g(f) = -63*f**2. Let w be g(1). What is the tens digit of 8*(w/(-6) + -4)?
5
Let s(o) = -o**3 + 7*o**2 - 7*o + 5. Let w be s(6). Let r(q) = -95*q**3 - q. What is the tens digit of r(w)?
9
Let k be (-2 + -25)/(9/6 - 3). What is the tens digit of 2*(1 + 0 + k)?
3
Let w = 36 - 18. Suppose 0 = t - w - 15. What is the units digit of t?
3
Let s be 7 - (-3 + 1 - -5). Let x(j) = 0*j - 3*j - 7*j**3 + s*j**2 - 6*j**2 - 3. What is the tens digit of x(-2)?
5
Let f(b) = b**2 - 2*b + 2. Let t be f(2). What is the units digit of (t - 6*-4) + -3?
3
Let y = 65 - 130. Let i = y - -112. What is the tens digit of i?
4
Let h(i) = -15*i + 37 - 37 - 7*i. Let j be h(-6). Suppose -n = 2*u - 3 - 30, -4*n + j = -u. What is the units digit of n?
3
Let c be (27/3)/(2/6). Let v be (2 - (6 + -1))*2046/(-99). Let b = v - c. What is the units digit of b?
5
Let p = -7 - -11. What is the tens digit of 2/4*p - -27?
2
Let i = -2 - -1. Let j(b) = 5*b**2 - 5. Let k be j(2). What is the units digit of k/(-6)*i*22?
5
What is the units digit of 549 - (7 - -1 - 10)?
1
Let b(y) = 105*y**2 - 5*y - 9. Let p(w) = 52*w**2 - 2*w - 4. Let c(k) = -3*b(k) + 7*p(k). Let d be ((-2)/3)/((-4)/6). What is the tens digit of c(d)?
4
Suppose 5*u + 1 = 26. Suppose 4*d - 2*l - 14 = -0*l, -3*d - l + 3 = 0. Suppose d + 3 = 5*b, -3*t + 56 = u*b. What is the units digit of t?
7
Let k = -22 + 42. What is the tens digit of (170/k)/((-2)/(-32)) + -4?
3
What is the hundreds digit of 195/(-25) + 8 - (-47232)/15?
1
Let r(k) = -k**2 - 2*k + 6. Let f be r(-4). Let c be ((-16)/(-6) + f)*18. Suppose 0 = -5*t - c + 62. What is the tens digit of t?
1
Let v(k) = -67*k + 17. Let o be v(-7). Let s = o - 254. What is the tens digit of s?
3
Let n(r) = 27*r + 47. What is the tens digit of n(13)?
9
Suppose 2*b - 12 = -3*n, -2*b + n = 5*n - 16. Let l be (1 - b) + -1 - -2. Suppose -40 = -4*h + z, -3*h - 4*z + l*z = -41. What is the tens digit of h?
1
Let t(n) = -5*n - 5. Let a(s) = 14*s + 16. Let x(w) = 4*a(w) + 11*t(w). Let c be x(-5). What is the units digit of (-32)/(-18) + c/18?
2
Let o be 1 - ((-5 - -2) + 5). Let d(j) = -3*j - 1. What is the units digit of d(o)?
2
Let b = -7 + 5. Let w = -1140 - -1179. Let o = w - b. What is the tens digit of o?
4
Suppose 4*i - 357 = 87. What is the tens digit of i?
1
Let r = -67 - -436. What is the hundreds digit of r?
3
Suppose 49*i - 1830 = 43*i. What is the hundreds digit of i?
3
Let y = 311 + 512. What is the hundreds digit of y?
8
Let x(u) = 2*u**3 + 2*u**2 - 2*u + 1. Let l be x(1). Suppose -l*k = 0, 0 = -2*b + b + k - 35. What is the tens digit of (-25 + 0)*21/b?
1
Suppose -6*m = -3*m - 51. Let x = -36 + m. Let u = x + 74. What is the tens digit of u?
5
Let v(u) = u**3 + 10*u**2 - 15*u - 12. Let h(z) = z**3 + z**2 + 5*z + 3. Let d be h(-2). What is the tens digit of v(d)?
3
Let l be 1782/(-14) + (-6)/(-21). Let k = l + 254. What is the hundreds digit of k?
1
Suppose -7*r + 3*r + 20 = 0. Suppose -r*d = 4*v - 155, 3*v - 2 = 13. Suppose -d = -4*z + z. What is the units digit of z?
9
Let o = -1725 - -3156. What is the units digit of o?
1
Let z(a) = -228*a - 73. What is the tens digit of z(-6)?
9
Let k(p) = p**2 - p - 14. What is the tens digit of k(-11)?
1
Let n be (0 - (-12)/14)*7. Suppose -11 = i + n. Let w = i + 47. What is the tens digit of w?
3
Suppose 0 = 2*w + 6*w + 24. What is the units digit of (-22 - 1)/(w/6)?
6
Let u(c) = -c**3 + 5*c**2 + 2*c - 5. Let r be u(5). Suppose 4*d = r*d. Suppose d*a = -a + 10. What is the tens digit of a?
1
Suppose 132*h = 287984 + 52708. What is the thousands digit of h?
2
Let j(y) be the third derivative of y**5/60 - y**4/4 - 7*y**2. Let h be j(6). Let o = 1 + h. What is the units digit of o?
1
Let c = -622 - -1031. What is the tens digit of c?
0
Let k(h) = -3*h + h**3 + 7*h + 7*h**2 - 12*h. What is the